{"id":333,"date":"2021-01-21T22:03:42","date_gmt":"2021-01-21T22:03:42","guid":{"rendered":"https:\/\/www.eva-maropoulos.ch\/?page_id=333"},"modified":"2021-01-24T09:10:37","modified_gmt":"2021-01-24T09:10:37","slug":"home","status":"publish","type":"page","link":"https:\/\/www.eva-maropoulos.ch\/","title":{"rendered":"Willkommen auf meiner Website"},"content":{"rendered":"\n<p>Ich freue mich, dass Du da bist.<br>F\u00fcr mich ist Theaterspielen wie tanzen. Ich tanze mit dem Publikum gemeinsam durch die Emotionen.<br>Ein Theaterst\u00fcck ist f\u00fcr mich wie ein Lied. Es hat einen Rhythmus und eine Melodie und ich folge der Melodie des St\u00fcckes.<br>Theater passiert nicht alleine.<br>Theater passiert gemeinsam.<br>Es ist ein Zusammenspiel zwischen dem Publikum und den Schauspieler:innen.<br>Wir h\u00f6ren einander zu.<br>Reagieren aufeinander.<br>Lachen und weinen gemeinsam.<br>Theater bereitet Freude.<br>Theater belebt.<br>Theater ist jetzt.<br>Theater lebt!<\/p>\n","protected":false},"excerpt":{"rendered":"<p>Ich freue mich, dass Du da bist.F\u00fcr mich ist Theaterspielen wie tanzen. Ich tanze mit dem Publikum gemeinsam durch die Emotionen.Ein Theaterst\u00fcck ist f\u00fcr mich wie ein Lied. Es hat einen Rhythmus und eine Melodie und ich folge der Melodie des St\u00fcckes.Theater passiert nicht alleine.Theater passiert gemeinsam.Es ist ein Zusammenspiel zwischen dem Publikum und den &hellip; <\/p>\n<p class=\"link-more\"><a href=\"https:\/\/www.eva-maropoulos.ch\/\" class=\"more-link\"><span class=\"screen-reader-text\">\u201eWillkommen auf meiner Website\u201c<\/span> weiterlesen<\/a><\/p>\n","protected":false},"author":1,"featured_media":0,"parent":0,"menu_order":0,"comment_status":"closed","ping_status":"closed","template":"","meta":{"footnotes":""},"class_list":["post-333","page","type-page","status-publish","hentry"],"yoast_head":"<!-- This site is optimized with the Yoast SEO plugin v20.7 - https:\/\/yoast.com\/wordpress\/plugins\/seo\/ -->\n<title>Willkommen auf meiner Website - eva maropoulos<\/title>\n<meta name=\"robots\" content=\"index, follow, max-snippet:-1, max-image-preview:large, max-video-preview:-1\" \/>\n<link rel=\"canonical\" href=\"https:\/\/www.eva-maropoulos.ch\/\" \/>\n<meta property=\"og:locale\" content=\"de_DE\" \/>\n<meta property=\"og:type\" content=\"article\" \/>\n<meta property=\"og:title\" content=\"Willkommen auf meiner Website - eva maropoulos\" \/>\n<meta property=\"og:description\" content=\"Ich freue mich, dass Du da bist.F\u00fcr mich ist Theaterspielen wie tanzen. Ich tanze mit dem Publikum gemeinsam durch die Emotionen.Ein Theaterst\u00fcck ist f\u00fcr mich wie ein Lied. Es hat einen Rhythmus und eine Melodie und ich folge der Melodie des St\u00fcckes.Theater passiert nicht alleine.Theater passiert gemeinsam.Es ist ein Zusammenspiel zwischen dem Publikum und den &hellip; \u201eWillkommen auf meiner Website\u201c weiterlesen\" \/>\n<meta property=\"og:url\" content=\"https:\/\/www.eva-maropoulos.ch\/\" \/>\n<meta property=\"og:site_name\" content=\"eva maropoulos\" \/>\n<meta property=\"article:modified_time\" content=\"2021-01-24T09:10:37+00:00\" \/>\n<meta name=\"twitter:card\" content=\"summary_large_image\" \/>\n<script type=\"application\/ld+json\" class=\"yoast-schema-graph\">{\"@context\":\"https:\/\/schema.org\",\"@graph\":[{\"@type\":\"WebPage\",\"@id\":\"https:\/\/www.eva-maropoulos.ch\/\",\"url\":\"https:\/\/www.eva-maropoulos.ch\/\",\"name\":\"Willkommen auf meiner Website - eva maropoulos\",\"isPartOf\":{\"@id\":\"https:\/\/www.eva-maropoulos.ch\/#website\"},\"datePublished\":\"2021-01-21T22:03:42+00:00\",\"dateModified\":\"2021-01-24T09:10:37+00:00\",\"breadcrumb\":{\"@id\":\"https:\/\/www.eva-maropoulos.ch\/#breadcrumb\"},\"inLanguage\":\"de\",\"potentialAction\":[{\"@type\":\"ReadAction\",\"target\":[\"https:\/\/www.eva-maropoulos.ch\/\"]}]},{\"@type\":\"BreadcrumbList\",\"@id\":\"https:\/\/www.eva-maropoulos.ch\/#breadcrumb\",\"itemListElement\":[{\"@type\":\"ListItem\",\"position\":1,\"name\":\"Home\",\"item\":\"https:\/\/www.eva-maropoulos.ch\/\"},{\"@type\":\"ListItem\",\"position\":2,\"name\":\"Willkommen auf meiner Website\"}]},{\"@type\":\"WebSite\",\"@id\":\"https:\/\/www.eva-maropoulos.ch\/#website\",\"url\":\"https:\/\/www.eva-maropoulos.ch\/\",\"name\":\"eva-maropoulos.ch\",\"description\":\"Schauspielerin\",\"publisher\":{\"@id\":\"https:\/\/www.eva-maropoulos.ch\/#\/schema\/person\/587b3249fd3ce01a47c12cff4b4ebd28\"},\"potentialAction\":[{\"@type\":\"SearchAction\",\"target\":{\"@type\":\"EntryPoint\",\"urlTemplate\":\"https:\/\/www.eva-maropoulos.ch\/?s={search_term_string}\"},\"query-input\":\"required name=search_term_string\"}],\"inLanguage\":\"de\"},{\"@type\":[\"Person\",\"Organization\"],\"@id\":\"https:\/\/www.eva-maropoulos.ch\/#\/schema\/person\/587b3249fd3ce01a47c12cff4b4ebd28\",\"name\":\"Eva Maropoulos\",\"image\":{\"@type\":\"ImageObject\",\"inLanguage\":\"de\",\"@id\":\"https:\/\/www.eva-maropoulos.ch\/#\/schema\/person\/image\/\",\"url\":\"https:\/\/www.eva-maropoulos.ch\/wp-content\/uploads\/2024\/07\/Fotocredit-EvaMaropoulos-1-scaled.jpg\",\"contentUrl\":\"https:\/\/www.eva-maropoulos.ch\/wp-content\/uploads\/2024\/07\/Fotocredit-EvaMaropoulos-1-scaled.jpg\",\"width\":1707,\"height\":2560,\"caption\":\"Eva Maropoulos\"},\"logo\":{\"@id\":\"https:\/\/www.eva-maropoulos.ch\/#\/schema\/person\/image\/\"},\"sameAs\":[\"http:\/\/eva-maropoulos.ch\"]}]}<\/script>\n<!-- \/ Yoast SEO plugin. -->","yoast_head_json":{"title":"Willkommen auf meiner Website - eva maropoulos","robots":{"index":"index","follow":"follow","max-snippet":"max-snippet:-1","max-image-preview":"max-image-preview:large","max-video-preview":"max-video-preview:-1"},"canonical":"https:\/\/www.eva-maropoulos.ch\/","og_locale":"de_DE","og_type":"article","og_title":"Willkommen auf meiner Website - eva maropoulos","og_description":"Ich freue mich, dass Du da bist.F\u00fcr mich ist Theaterspielen wie tanzen. Ich tanze mit dem Publikum gemeinsam durch die Emotionen.Ein Theaterst\u00fcck ist f\u00fcr mich wie ein Lied. Es hat einen Rhythmus und eine Melodie und ich folge der Melodie des St\u00fcckes.Theater passiert nicht alleine.Theater passiert gemeinsam.Es ist ein Zusammenspiel zwischen dem Publikum und den &hellip; \u201eWillkommen auf meiner Website\u201c weiterlesen","og_url":"https:\/\/www.eva-maropoulos.ch\/","og_site_name":"eva maropoulos","article_modified_time":"2021-01-24T09:10:37+00:00","twitter_card":"summary_large_image","schema":{"@context":"https:\/\/schema.org","@graph":[{"@type":"WebPage","@id":"https:\/\/www.eva-maropoulos.ch\/","url":"https:\/\/www.eva-maropoulos.ch\/","name":"Willkommen auf meiner Website - eva maropoulos","isPartOf":{"@id":"https:\/\/www.eva-maropoulos.ch\/#website"},"datePublished":"2021-01-21T22:03:42+00:00","dateModified":"2021-01-24T09:10:37+00:00","breadcrumb":{"@id":"https:\/\/www.eva-maropoulos.ch\/#breadcrumb"},"inLanguage":"de","potentialAction":[{"@type":"ReadAction","target":["https:\/\/www.eva-maropoulos.ch\/"]}]},{"@type":"BreadcrumbList","@id":"https:\/\/www.eva-maropoulos.ch\/#breadcrumb","itemListElement":[{"@type":"ListItem","position":1,"name":"Home","item":"https:\/\/www.eva-maropoulos.ch\/"},{"@type":"ListItem","position":2,"name":"Willkommen auf meiner Website"}]},{"@type":"WebSite","@id":"https:\/\/www.eva-maropoulos.ch\/#website","url":"https:\/\/www.eva-maropoulos.ch\/","name":"eva-maropoulos.ch","description":"Schauspielerin","publisher":{"@id":"https:\/\/www.eva-maropoulos.ch\/#\/schema\/person\/587b3249fd3ce01a47c12cff4b4ebd28"},"potentialAction":[{"@type":"SearchAction","target":{"@type":"EntryPoint","urlTemplate":"https:\/\/www.eva-maropoulos.ch\/?s={search_term_string}"},"query-input":"required name=search_term_string"}],"inLanguage":"de"},{"@type":["Person","Organization"],"@id":"https:\/\/www.eva-maropoulos.ch\/#\/schema\/person\/587b3249fd3ce01a47c12cff4b4ebd28","name":"Eva Maropoulos","image":{"@type":"ImageObject","inLanguage":"de","@id":"https:\/\/www.eva-maropoulos.ch\/#\/schema\/person\/image\/","url":"https:\/\/www.eva-maropoulos.ch\/wp-content\/uploads\/2024\/07\/Fotocredit-EvaMaropoulos-1-scaled.jpg","contentUrl":"https:\/\/www.eva-maropoulos.ch\/wp-content\/uploads\/2024\/07\/Fotocredit-EvaMaropoulos-1-scaled.jpg","width":1707,"height":2560,"caption":"Eva Maropoulos"},"logo":{"@id":"https:\/\/www.eva-maropoulos.ch\/#\/schema\/person\/image\/"},"sameAs":["http:\/\/eva-maropoulos.ch"]}]}},"_links":{"self":[{"href":"https:\/\/www.eva-maropoulos.ch\/index.php\/wp-json\/wp\/v2\/pages\/333","targetHints":{"allow":["GET"]}}],"collection":[{"href":"https:\/\/www.eva-maropoulos.ch\/index.php\/wp-json\/wp\/v2\/pages"}],"about":[{"href":"https:\/\/www.eva-maropoulos.ch\/index.php\/wp-json\/wp\/v2\/types\/page"}],"author":[{"embeddable":true,"href":"https:\/\/www.eva-maropoulos.ch\/index.php\/wp-json\/wp\/v2\/users\/1"}],"replies":[{"embeddable":true,"href":"https:\/\/www.eva-maropoulos.ch\/index.php\/wp-json\/wp\/v2\/comments?post=333"}],"version-history":[{"count":18,"href":"https:\/\/www.eva-maropoulos.ch\/index.php\/wp-json\/wp\/v2\/pages\/333\/revisions"}],"predecessor-version":[{"id":893,"href":"https:\/\/www.eva-maropoulos.ch\/index.php\/wp-json\/wp\/v2\/pages\/333\/revisions\/893"}],"wp:attachment":[{"href":"https:\/\/www.eva-maropoulos.ch\/index.php\/wp-json\/wp\/v2\/media?parent=333"}],"curies":[{"name":"wp","href":"https:\/\/api.w.org\/{rel}","templated":true}]}}